{"id":9332,"date":"2024-07-06T18:48:30","date_gmt":"2024-07-06T16:48:30","guid":{"rendered":"https:\/\/festivalbucles.com\/mec-eventos\/paraules-buides-fil-darena-cos-costant\/"},"modified":"2025-08-18T16:22:54","modified_gmt":"2025-08-18T14:22:54","slug":"paraules-buides-fil-darena-cos-costant","status":"publish","type":"mec-events","link":"https:\/\/festivalbucles.com\/vl\/agenda\/paraules-buides-fil-darena-cos-costant\/","title":{"rendered":"Paraules buides &#8211; FIL D\u2019ARENA &amp; COS COSTANT"},"content":{"rendered":"\n<p>Amor caduc, acomodat, conformista, cansat, establit, instaurat. Paraules Buides representa eixe estat d&#8217;un amor sense passi\u00f3, on l&#8217;afecte es torna costum, i el gest buit.<br\/>On s&#8217;estima profundament, per\u00f2 des del desdeny de la quotidianitat, on l&#8217;amor \u00e9s verdader, per\u00f2 es dona per fet, on els cossos es connecten i reconeixen sense una mirada.<\/p>\n\n<p><iframe loading=\"lazy\" title=\"vimeo-player\" src=\"https:\/\/player.vimeo.com\/video\/522987258?h=58715c63f5\" width=\"640\" height=\"360\" frameborder=\"0\" allowfullscreen=\"allowfullscreen\"><\/iframe><\/p>\n\n<hr class=\"wp-block-separator alignwide has-text-color has-alpha-channel-opacity has-background is-style-wide\" style=\"background-color:#fe14ff;color:#fe14ff\"\/>\n\n<p><strong>Co Producci\u00f3:<\/strong> Fil d\u00b4Arena i Cos Costant \/ <strong>Creaci\u00f3, coreograf\u00eda i interpretaci\u00f3:<\/strong> Roseta Plasencia i Sebastian Rowinsky \/ <strong>Composici\u00f3 Musical:<\/strong> Carles Salvador \/ <strong>Producci\u00f3 Executiva: <\/strong> Clara Crespo \/ <strong>Disseny Gr\u00e0fic: <\/strong> Carles Salvador \/ <strong>Video:<\/strong> Gema Iglesias<\/p>\n\n<p><strong>Duraci\u00f3:<\/strong> 20 minuts<\/p>\n","protected":false},"excerpt":{"rendered":"<p>Amor caduc, acomodat, conformista, cansat, establit, instaurat. Paraules Buides representa eixe estat d&#8217;un amor sense passi\u00f3, on l&#8217;afecte es torna costum, i el gest buit.On s&#8217;estima profundament, per\u00f2 des del desdeny de la quotidianitat, on l&#8217;amor \u00e9s verdader, per\u00f2 es dona per fet, on els cossos es connecten i reconeixen sense una mirada. Co Producci\u00f3: [&hellip;]<\/p>\n","protected":false},"author":1,"featured_media":8981,"comment_status":"closed","ping_status":"closed","template":"","mec_category":[187],"mec_speaker":[716],"mec_tag":[519],"class_list":["post-9332","mec-events","type-mec-events","status-publish","has-post-thumbnail","hentry","mec_category-rara-avis-2023-vl","mec_tag-espectacle"],"_links":{"self":[{"href":"https:\/\/festivalbucles.com\/vl\/wp-json\/wp\/v2\/mec-events\/9332","targetHints":{"allow":["GET"]}}],"collection":[{"href":"https:\/\/festivalbucles.com\/vl\/wp-json\/wp\/v2\/mec-events"}],"about":[{"href":"https:\/\/festivalbucles.com\/vl\/wp-json\/wp\/v2\/types\/mec-events"}],"author":[{"embeddable":true,"href":"https:\/\/festivalbucles.com\/vl\/wp-json\/wp\/v2\/users\/1"}],"replies":[{"embeddable":true,"href":"https:\/\/festivalbucles.com\/vl\/wp-json\/wp\/v2\/comments?post=9332"}],"wp:featuredmedia":[{"embeddable":true,"href":"https:\/\/festivalbucles.com\/vl\/wp-json\/wp\/v2\/media\/8981"}],"wp:attachment":[{"href":"https:\/\/festivalbucles.com\/vl\/wp-json\/wp\/v2\/media?parent=9332"}],"wp:term":[{"taxonomy":"mec_category","embeddable":true,"href":"https:\/\/festivalbucles.com\/vl\/wp-json\/wp\/v2\/mec_category?post=9332"},{"taxonomy":"mec_speaker","embeddable":true,"href":"https:\/\/festivalbucles.com\/vl\/wp-json\/wp\/v2\/mec_speaker?post=9332"},{"taxonomy":"mec_tag","embeddable":true,"href":"https:\/\/festivalbucles.com\/vl\/wp-json\/wp\/v2\/mec_tag?post=9332"}],"curies":[{"name":"wp","href":"https:\/\/api.w.org\/{rel}","templated":true}]}}

<p>Amor caduc, acomodat, conformista, cansat, establit, instaurat. Paraules Buides representa eixe estat d&#8217;un amor sense passió, on l&#8217;afecte es torna costum, i el gest buit.<br/>On s&#8217;estima profundament, però des del desdeny de la quotidianitat, on l&#8217;amor és verdader, però es dona per fet, on els cossos es connecten i reconeixen sense una mirada.</p>

<p><iframe loading="lazy" title="vimeo-player" src="https://player.vimeo.com/video/522987258?h=58715c63f5" width="640" height="360" frameborder="0" allowfullscreen="allowfullscreen"></iframe></p>

<hr class="wp-block-separator alignwide has-text-color has-alpha-channel-opacity has-background is-style-wide" style="background-color:#fe14ff;color:#fe14ff"/>

<p><strong>Co Producció:</strong> Fil d´Arena i Cos Costant / <strong>Creació, coreografía i interpretació:</strong> Roseta Plasencia i Sebastian Rowinsky / <strong>Composició Musical:</strong> Carles Salvador / <strong>Producció Executiva: </strong> Clara Crespo / <strong>Disseny Gràfic: </strong> Carles Salvador / <strong>Video:</strong> Gema Iglesias</p>

<p><strong>Duració:</strong> 20 minuts</p>

<p>Amor caduc, acomodat, conformista, cansat, establit, instaurat. Paraules Buides representa eixe estat d&#8217;un amor sense passió, on l&#8217;afecte es torna costum, i el gest buit.On s&#8217;estima profundament, però des del desdeny de la quotidianitat, on l&#8217;amor és verdader, però es dona per fet, on els cossos es connecten i reconeixen sense una mirada. Co Producció: [&hellip;]</p>
