{"id":9306,"date":"2024-07-06T18:49:21","date_gmt":"2024-07-06T16:49:21","guid":{"rendered":"https:\/\/festivalbucles.com\/mec-eventos\/danza-afro-contemporanea-ada-saliou\/"},"modified":"2025-08-18T16:22:31","modified_gmt":"2025-08-18T14:22:31","slug":"danza-afro-contemporanea-ada-saliou","status":"publish","type":"mec-events","link":"https:\/\/festivalbucles.com\/vl\/agenda\/danza-afro-contemporanea-ada-saliou\/","title":{"rendered":"Danza Afro Contempor\u00e1nea &#8211; ADA SALIOU"},"content":{"rendered":"\n<p>CLASSE MAGISTRAL<\/p>\n\n<p><strong>Duraci\u00f3n:<\/strong> 90 minutos<\/p>\n\n<p>La danza <em>Afro Contempor\u00e1nea<\/em>, tomada como base la tradici\u00f3n cultural en la cual los movimientos y gestos representan las formas de vida, la relaci\u00f3n de la tierra y el cielo y los movimientos de los animales y la naturaleza.<\/p>\n\n<p>Es una clase de lenguaje corporal que bailamos con todo el cuerpo , acompa\u00f1ada de m\u00fasica vive y los movimientos del cuerpo que es el espacio m\u00e1s importante de la persona.<\/p>\n","protected":false},"excerpt":{"rendered":"<p>CLASSE MAGISTRAL Duraci\u00f3n: 90 minutos La danza Afro Contempor\u00e1nea, tomada como base la tradici\u00f3n cultural en la cual los movimientos y gestos representan las formas de vida, la relaci\u00f3n de la tierra y el cielo y los movimientos de los animales y la naturaleza. Es una clase de lenguaje corporal que bailamos con todo el [&hellip;]<\/p>\n","protected":false},"author":1,"featured_media":8960,"comment_status":"closed","ping_status":"closed","template":"","mec_category":[187],"mec_speaker":[],"mec_tag":[],"class_list":["post-9306","mec-events","type-mec-events","status-publish","has-post-thumbnail","hentry","mec_category-rara-avis-2023-vl"],"_links":{"self":[{"href":"https:\/\/festivalbucles.com\/vl\/wp-json\/wp\/v2\/mec-events\/9306","targetHints":{"allow":["GET"]}}],"collection":[{"href":"https:\/\/festivalbucles.com\/vl\/wp-json\/wp\/v2\/mec-events"}],"about":[{"href":"https:\/\/festivalbucles.com\/vl\/wp-json\/wp\/v2\/types\/mec-events"}],"author":[{"embeddable":true,"href":"https:\/\/festivalbucles.com\/vl\/wp-json\/wp\/v2\/users\/1"}],"replies":[{"embeddable":true,"href":"https:\/\/festivalbucles.com\/vl\/wp-json\/wp\/v2\/comments?post=9306"}],"wp:featuredmedia":[{"embeddable":true,"href":"https:\/\/festivalbucles.com\/vl\/wp-json\/wp\/v2\/media\/8960"}],"wp:attachment":[{"href":"https:\/\/festivalbucles.com\/vl\/wp-json\/wp\/v2\/media?parent=9306"}],"wp:term":[{"taxonomy":"mec_category","embeddable":true,"href":"https:\/\/festivalbucles.com\/vl\/wp-json\/wp\/v2\/mec_category?post=9306"},{"taxonomy":"mec_speaker","embeddable":true,"href":"https:\/\/festivalbucles.com\/vl\/wp-json\/wp\/v2\/mec_speaker?post=9306"},{"taxonomy":"mec_tag","embeddable":true,"href":"https:\/\/festivalbucles.com\/vl\/wp-json\/wp\/v2\/mec_tag?post=9306"}],"curies":[{"name":"wp","href":"https:\/\/api.w.org\/{rel}","templated":true}]}}

Danza Afro Contemporánea &#8211; ADA SALIOU

<p>CLASSE MAGISTRAL</p>

<p><strong>Duración:</strong> 90 minutos</p>

<p>La danza <em>Afro Contemporánea</em>, tomada como base la tradición cultural en la cual los movimientos y gestos representan las formas de vida, la relación de la tierra y el cielo y los movimientos de los animales y la naturaleza.</p>

<p>Es una clase de lenguaje corporal que bailamos con todo el cuerpo , acompañada de música vive y los movimientos del cuerpo que es el espacio más importante de la persona.</p>

<p>CLASSE MAGISTRAL Duración: 90 minutos La danza Afro Contemporánea, tomada como base la tradición cultural en la cual los movimientos y gestos representan las formas de vida, la relación de la tierra y el cielo y los movimientos de los animales y la naturaleza. Es una clase de lenguaje corporal que bailamos con todo el [&hellip;]</p>
