{"id":9249,"date":"2024-07-06T18:50:56","date_gmt":"2024-07-06T16:50:56","guid":{"rendered":"https:\/\/festivalbucles.com\/mec-eventos\/lewis-cooke-companyia-anton-lachky\/"},"modified":"2025-08-18T16:23:23","modified_gmt":"2025-08-18T14:23:23","slug":"lewis-cooke-companyia-anton-lachky","status":"publish","type":"mec-events","link":"https:\/\/festivalbucles.com\/vl\/agenda\/lewis-cooke-companyia-anton-lachky\/","title":{"rendered":"Relax To Erupt"},"content":{"rendered":"\n<h2 class=\"wp-block-heading\">LEWIS COOKE<\/h2>\n\n<p>\u00c9s una metodologia de moviment f\u00edsicament exigent que ajuda a descobrir de 0% a 100% l&#8217;energia i tensi\u00f3 del cos i la seua capacitat de moviment.<\/p>\n\n<p>El taller s&#8217;enfocar\u00e0 a aprofitar l&#8217;expansiu que pot ser el cos mentres es mant\u00e9 una cerca constant en aquelles parts que percebem inc\u00f2modes en moure&#8217;ns.<\/p>\n\n<p>Esta t\u00e8cnica se centra en l&#8217;alegria, la curiositat i el desig de buscar la incomoditat per a crear nous patrons i vies de moviment. Tindrem un enfocament addicional en el colp i la precisi\u00f3 del bra\u00e7 basat en els m\u00e9s de 10 anys d&#8217;entrenament de boxa amateur de Lewis.<\/p>\n\n<p><iframe loading=\"lazy\" title=\"YouTube video player\" src=\"https:\/\/www.youtube.com\/embed\/jd9nj_r2k5g?si=gIcvNZxRu6qiCDjb\" width=\"560\" height=\"315\" frameborder=\"0\" allowfullscreen=\"allowfullscreen\"><\/iframe><\/p>\n","protected":false},"excerpt":{"rendered":"<p>LEWIS COOKE \u00c9s una metodologia de moviment f\u00edsicament exigent que ajuda a descobrir de 0% a 100% l&#8217;energia i tensi\u00f3 del cos i la seua capacitat de moviment. El taller s&#8217;enfocar\u00e0 a aprofitar l&#8217;expansiu que pot ser el cos mentres es mant\u00e9 una cerca constant en aquelles parts que percebem inc\u00f2modes en moure&#8217;ns. Esta t\u00e8cnica [&hellip;]<\/p>\n","protected":false},"author":1,"featured_media":8448,"comment_status":"closed","ping_status":"closed","template":"","mec_category":[162],"mec_speaker":[518,632],"mec_tag":[594],"class_list":["post-9249","mec-events","type-mec-events","status-publish","has-post-thumbnail","hentry","mec_category-estraperlo-2021-vl","mec_tag-taller-vl"],"_links":{"self":[{"href":"https:\/\/festivalbucles.com\/vl\/wp-json\/wp\/v2\/mec-events\/9249","targetHints":{"allow":["GET"]}}],"collection":[{"href":"https:\/\/festivalbucles.com\/vl\/wp-json\/wp\/v2\/mec-events"}],"about":[{"href":"https:\/\/festivalbucles.com\/vl\/wp-json\/wp\/v2\/types\/mec-events"}],"author":[{"embeddable":true,"href":"https:\/\/festivalbucles.com\/vl\/wp-json\/wp\/v2\/users\/1"}],"replies":[{"embeddable":true,"href":"https:\/\/festivalbucles.com\/vl\/wp-json\/wp\/v2\/comments?post=9249"}],"wp:featuredmedia":[{"embeddable":true,"href":"https:\/\/festivalbucles.com\/vl\/wp-json\/wp\/v2\/media\/8448"}],"wp:attachment":[{"href":"https:\/\/festivalbucles.com\/vl\/wp-json\/wp\/v2\/media?parent=9249"}],"wp:term":[{"taxonomy":"mec_category","embeddable":true,"href":"https:\/\/festivalbucles.com\/vl\/wp-json\/wp\/v2\/mec_category?post=9249"},{"taxonomy":"mec_speaker","embeddable":true,"href":"https:\/\/festivalbucles.com\/vl\/wp-json\/wp\/v2\/mec_speaker?post=9249"},{"taxonomy":"mec_tag","embeddable":true,"href":"https:\/\/festivalbucles.com\/vl\/wp-json\/wp\/v2\/mec_tag?post=9249"}],"curies":[{"name":"wp","href":"https:\/\/api.w.org\/{rel}","templated":true}]}}

<h2 class="wp-block-heading">LEWIS COOKE</h2>

<p>És una metodologia de moviment físicament exigent que ajuda a descobrir de 0% a 100% l&#8217;energia i tensió del cos i la seua capacitat de moviment.</p>

<p>El taller s&#8217;enfocarà a aprofitar l&#8217;expansiu que pot ser el cos mentres es manté una cerca constant en aquelles parts que percebem incòmodes en moure&#8217;ns.</p>

<p>Esta tècnica se centra en l&#8217;alegria, la curiositat i el desig de buscar la incomoditat per a crear nous patrons i vies de moviment. Tindrem un enfocament addicional en el colp i la precisió del braç basat en els més de 10 anys d&#8217;entrenament de boxa amateur de Lewis.</p>

<p><iframe loading="lazy" title="YouTube video player" src="https://www.youtube.com/embed/jd9nj_r2k5g?si=gIcvNZxRu6qiCDjb" width="560" height="315" frameborder="0" allowfullscreen="allowfullscreen"></iframe></p>

<p>LEWIS COOKE És una metodologia de moviment físicament exigent que ajuda a descobrir de 0% a 100% l&#8217;energia i tensió del cos i la seua capacitat de moviment. El taller s&#8217;enfocarà a aprofitar l&#8217;expansiu que pot ser el cos mentres es manté una cerca constant en aquelles parts que percebem incòmodes en moure&#8217;ns. Esta tècnica [&hellip;]</p>
