{"id":9248,"date":"2024-07-06T18:50:57","date_gmt":"2024-07-06T16:50:57","guid":{"rendered":"https:\/\/festivalbucles.com\/mec-eventos\/migro-danza\/"},"modified":"2025-08-18T16:21:28","modified_gmt":"2025-08-18T14:21:28","slug":"migro-danza","status":"publish","type":"mec-events","link":"https:\/\/festivalbucles.com\/vl\/agenda\/migro-danza\/","title":{"rendered":"(Cap.II) Gilipolleces"},"content":{"rendered":"\n<p>Retrata a una societat que es vana de la seua intel\u00b7lig\u00e8ncia i de la seua racionalitat, per\u00f2 que sucumbix sempre davant les seues inseguretats i la ra\u00f3 m\u00e9s de les quals que aconsellar-li ho immobilitza. Es tracta d&#8217;una humanitat que es dedica a mediar el seu propi conflicte, el conflicte entre el plaer, desitge i la perillosa culpa. Llavors decidix resoldre este litigi en els marges de les seues pr\u00f2pies limitacions identit\u00e0ries a trav\u00e9s de la m\u00e0scara. L&#8217;escenari una festa, la festa de l&#8217;exuberant, el lloc de ser \u201cjo mateix\u201d, un escenari festiu, per\u00f2 que al seu torn est\u00e0 marcat per una situaci\u00f3 l\u00fagubre, estranya, ins\u00f2lita, divertida i a vegades amena\u00e7adora que porta a l&#8217;espectador a una \u00faltima pregunta, \u201cen quin animal podr\u00e9 convertir-me dem\u00e0?<\/p>\n\n<hr class=\"wp-block-separator alignwide has-text-color has-alpha-channel-opacity has-background is-style-wide\" style=\"background-color:#fe14ff;color:#fe14ff\"\/>\n\n<p><strong>Direcci\u00f3:<\/strong> Edu Migro \/ <strong>Int\u00e8rprets creadores:<\/strong> Ana Manzanera, Dahiana Betancourt, Manel Ferr\u00e1ndiz i Edu Migro \/ <strong>M\u00fasica original:<\/strong> Branko Strahinja \/ <strong>Escenograf\u00eda:<\/strong> Nataly Prada \/ <strong>Il\u00b7luminaci\u00f3:<\/strong> Carles Sanchis \/ <strong>Producci\u00f3:<\/strong> Josep Navarro i Migro Danza<\/p>\n\n<h2 class=\"wp-block-heading\">GRANERS DE CREACI\u00d3<\/h2>\n\n<p>\u00c9s un espai que s&#8217;ocupa de protegir i cuidar el proc\u00e9s art\u00edstic i al creador. Un espai que vol reformular el fet esc\u00e8nic, el lloc que ocupa el creador i el lloc que ocupa l&#8217;espectador.<br\/>Un espai org\u00e0nic en el qual s&#8217;experimenta, s&#8217;investiga, es crea, es presenta, es viu, es respira, s&#8217;\u00e9s cr\u00edtic, es mant\u00e9 una posici\u00f3 social, art\u00edstica i pol\u00edtica.<\/p>\n\n<figure class=\"wp-block-embed aligncenter is-type-video is-provider-youtube wp-block-embed-youtube wp-embed-aspect-16-9 wp-has-aspect-ratio\"><div class=\"wp-block-embed__wrapper\">\n<iframe loading=\"lazy\" title=\"C\u00c1PSULAS CREATIVAS: MIGRO DANZA\" width=\"1080\" height=\"608\" src=\"https:\/\/www.youtube.com\/embed\/Zrl9kqcieno?feature=oembed\"  allow=\"accelerometer; autoplay; clipboard-write; encrypted-media; gyroscope; picture-in-picture; web-share\" referrerpolicy=\"strict-origin-when-cross-origin\" allowfullscreen><\/iframe>\n<\/div><\/figure>\n","protected":false},"excerpt":{"rendered":"<p>Retrata a una societat que es vana de la seua intel\u00b7lig\u00e8ncia i de la seua racionalitat, per\u00f2 que sucumbix sempre davant les seues inseguretats i la ra\u00f3 m\u00e9s de les quals que aconsellar-li ho immobilitza. Es tracta d&#8217;una humanitat que es dedica a mediar el seu propi conflicte, el conflicte entre el plaer, desitge i [&hellip;]<\/p>\n","protected":false},"author":1,"featured_media":8462,"comment_status":"closed","ping_status":"closed","template":"","mec_category":[162],"mec_speaker":[630],"mec_tag":[519],"class_list":["post-9248","mec-events","type-mec-events","status-publish","has-post-thumbnail","hentry","mec_category-estraperlo-2021-vl","mec_tag-espectacle"],"_links":{"self":[{"href":"https:\/\/festivalbucles.com\/vl\/wp-json\/wp\/v2\/mec-events\/9248","targetHints":{"allow":["GET"]}}],"collection":[{"href":"https:\/\/festivalbucles.com\/vl\/wp-json\/wp\/v2\/mec-events"}],"about":[{"href":"https:\/\/festivalbucles.com\/vl\/wp-json\/wp\/v2\/types\/mec-events"}],"author":[{"embeddable":true,"href":"https:\/\/festivalbucles.com\/vl\/wp-json\/wp\/v2\/users\/1"}],"replies":[{"embeddable":true,"href":"https:\/\/festivalbucles.com\/vl\/wp-json\/wp\/v2\/comments?post=9248"}],"wp:featuredmedia":[{"embeddable":true,"href":"https:\/\/festivalbucles.com\/vl\/wp-json\/wp\/v2\/media\/8462"}],"wp:attachment":[{"href":"https:\/\/festivalbucles.com\/vl\/wp-json\/wp\/v2\/media?parent=9248"}],"wp:term":[{"taxonomy":"mec_category","embeddable":true,"href":"https:\/\/festivalbucles.com\/vl\/wp-json\/wp\/v2\/mec_category?post=9248"},{"taxonomy":"mec_speaker","embeddable":true,"href":"https:\/\/festivalbucles.com\/vl\/wp-json\/wp\/v2\/mec_speaker?post=9248"},{"taxonomy":"mec_tag","embeddable":true,"href":"https:\/\/festivalbucles.com\/vl\/wp-json\/wp\/v2\/mec_tag?post=9248"}],"curies":[{"name":"wp","href":"https:\/\/api.w.org\/{rel}","templated":true}]}}

<p>Retrata a una societat que es vana de la seua intel·ligència i de la seua racionalitat, però que sucumbix sempre davant les seues inseguretats i la raó més de les quals que aconsellar-li ho immobilitza. Es tracta d&#8217;una humanitat que es dedica a mediar el seu propi conflicte, el conflicte entre el plaer, desitge i la perillosa culpa. Llavors decidix resoldre este litigi en els marges de les seues pròpies limitacions identitàries a través de la màscara. L&#8217;escenari una festa, la festa de l&#8217;exuberant, el lloc de ser “jo mateix”, un escenari festiu, però que al seu torn està marcat per una situació lúgubre, estranya, insòlita, divertida i a vegades amenaçadora que porta a l&#8217;espectador a una última pregunta, “en quin animal podré convertir-me demà?</p>

<hr class="wp-block-separator alignwide has-text-color has-alpha-channel-opacity has-background is-style-wide" style="background-color:#fe14ff;color:#fe14ff"/>

<p><strong>Direcció:</strong> Edu Migro / <strong>Intèrprets creadores:</strong> Ana Manzanera, Dahiana Betancourt, Manel Ferrándiz i Edu Migro / <strong>Música original:</strong> Branko Strahinja / <strong>Escenografía:</strong> Nataly Prada / <strong>Il·luminació:</strong> Carles Sanchis / <strong>Producció:</strong> Josep Navarro i Migro Danza</p>

<h2 class="wp-block-heading">GRANERS DE CREACIÓ</h2>

<p>És un espai que s&#8217;ocupa de protegir i cuidar el procés artístic i al creador. Un espai que vol reformular el fet escènic, el lloc que ocupa el creador i el lloc que ocupa l&#8217;espectador.<br/>Un espai orgànic en el qual s&#8217;experimenta, s&#8217;investiga, es crea, es presenta, es viu, es respira, s&#8217;és crític, es manté una posició social, artística i política.</p>

<figure class="wp-block-embed aligncenter is-type-video is-provider-youtube wp-block-embed-youtube wp-embed-aspect-16-9 wp-has-aspect-ratio"><div class="wp-block-embed__wrapper">
<iframe loading="lazy" title="CÁPSULAS CREATIVAS: MIGRO DANZA" width="1080" height="608" src="https://www.youtube.com/embed/Zrl9kqcieno?feature=oembed"  allow="accelerometer; autoplay; clipboard-write; encrypted-media; gyroscope; picture-in-picture; web-share" referrerpolicy="strict-origin-when-cross-origin" allowfullscreen></iframe>
</div></figure>

<p>Retrata a una societat que es vana de la seua intel·ligència i de la seua racionalitat, però que sucumbix sempre davant les seues inseguretats i la raó més de les quals que aconsellar-li ho immobilitza. Es tracta d&#8217;una humanitat que es dedica a mediar el seu propi conflicte, el conflicte entre el plaer, desitge i [&hellip;]</p>
