{"id":16124,"date":"2025-07-07T22:54:15","date_gmt":"2025-07-07T20:54:15","guid":{"rendered":"https:\/\/festivalbucles.com\/agenda\/bailes-tramposos\/"},"modified":"2025-09-22T13:48:03","modified_gmt":"2025-09-22T11:48:03","slug":"bailes-tramposos","status":"publish","type":"mec-events","link":"https:\/\/festivalbucles.com\/vl\/agenda\/bailes-tramposos\/","title":{"rendered":"Bailes tramposos"},"content":{"rendered":"\n<div style=\"height:30px\" aria-hidden=\"true\" class=\"wp-block-spacer\"><\/div>\n\n\n\n<div class=\"wp-block-buttons is-content-justification-right is-layout-flex wp-container-core-buttons-is-layout-1888cafc wp-block-buttons-is-layout-flex\">\n<div class=\"wp-block-button has-custom-width wp-block-button__width-75 is-style-fill\"><a class=\"wp-block-button__link has-white-color has-vivid-green-cyan-background-color has-text-color has-background has-link-color has-text-align-center has-custom-font-size wp-element-button\" href=\"https:\/\/docs.google.com\/forms\/d\/e\/1FAIpQLSel2vlbbmXAhLxns_XoNagVokPMNoz1g29Ik2LBF0CMImEkSw\/viewform\" style=\"border-radius:25px;font-size:15px;font-style:normal;font-weight:700\" rel=\"nofollow noopener\" target=\"_blank\">INSCRIPCI\u00d3 (M\u00c0XIM 20 PLACES)<\/a><\/div>\n<\/div>\n\n\n\n<div style=\"height:30px\" aria-hidden=\"true\" class=\"wp-block-spacer\"><\/div>\n\n\n\n<div style=\"height:0px\" aria-hidden=\"true\" class=\"wp-block-spacer\"><\/div>\n\n\n\n<div style=\"height:0px\" aria-hidden=\"true\" class=\"wp-block-spacer\"><\/div>\n\n\n\n<div class=\"wp-block-group alignfull is-content-justification-left is-layout-constrained wp-container-core-group-is-layout-8c890d92 wp-block-group-is-layout-constrained\">\n<figure class=\"wp-block-image alignleft size-full is-resized\"><img loading=\"lazy\" decoding=\"async\" width=\"80\" height=\"80\" src=\"https:\/\/festivalbucles.com\/wp-content\/uploads\/2024\/08\/accesible-minusvalidos.png\" alt=\"accessible minusv\u00e0lids\" class=\"wp-image-11394\" style=\"width:35px\"\/><\/figure>\n<\/div>\n\n\n\n<div style=\"height:30px\" aria-hidden=\"true\" class=\"wp-block-spacer\"><\/div>\n\n\n\n<div style=\"height:10px\" aria-hidden=\"true\" class=\"wp-block-spacer\"><\/div>\n\n\n\n<p>En aquest taller, Laila proposa invocar un cos que va i ve, que construeix ponts entre el gest, la dansa i la m\u00fasica. Un cos que, en el seu impuls de fugida, es det\u00e9 amb lucidesa per a triar el que pot n\u00e0ixer al marge del dogma. <\/p>\n\n\n\n<p>La proposta s&#8217;endinsa en els l\u00edmits entre tradici\u00f3 i novetat per a crear balls \u201ctramposos\u201d on conviuen el flamenc i el contemporani. D&#8217;una banda, el folklore d&#8217;un territori concret; d&#8217;altra, el de la postmodernitat. En aquest espai compartit s&#8217;assaja la barreja de gram\u00e0tiques del moviment, d&#8217;arxius musicals i de contextos culturals, usant-los com a dramat\u00fargia, ritu i festa.  <\/p>\n\n\n\n<p>Sorgeix aix\u00ed una esp\u00e8cie de <em>folkl\u00f2rica Frankenstein<\/em> que viatja del &#8216;tablao&#8217; al teatre, de la cova al cabaret, del gremi a la passarel\u00b7la. Una &#8216;jondura&#8217; bastarda que es desplega com &#8216;zambra&#8217; collage i teixeix un vocabulari h\u00edbrid, nascut del contagi i la intu\u00efci\u00f3. <\/p>\n\n\n\n<p>El taller es converteix en un espai de creaci\u00f3 ple de preguntes: Qu\u00e8 \u00e9s hui un cos flamenc? Pot el flamenc ser avantguarda? On habita el mest\u00eds, l&#8217;estranger, el pop? Des del capritx i l&#8217;estudi, es construeix un arxiu de balls impurs que cusen, a retalls, una identitat en moviment.   <br><br><\/p>\n\n\n\n<div style=\"height:30px\" aria-hidden=\"true\" class=\"wp-block-spacer\"><\/div>\n\n\n\n<hr class=\"wp-block-separator alignwide has-text-color has-alpha-channel-opacity has-background is-style-wide\" style=\"background-color:#0031f5;color:#0031f5\"\/>\n\n\n\n<p style=\"font-size:17px\"><\/p>\n\n\n\n<p style=\"font-size:17px\"><strong>Laila Tafur<\/strong><\/p>\n\n\n\n<p style=\"font-size:17px\">Nascuda i criada a Granada, Laila es va formar en coreografia en Reykjavik, Lisboa i es va llicenciar en l&#8217;Institut del Teatre de Barcelona. En 2017-18 va cursar el M\u00e0ster MPECV del Museu Reina Sofia i, entre 2020 i 2021, el Programa d&#8217;Estudis Independents (PEI) del MACBA. Actualment \u00e9s docent en el Conservatori Superior de Dansa de M\u00e0laga.  <\/p>\n\n\n\n<p style=\"font-size:17px\">Com a creadora, ha desenvolupat peces com <em>Mi arma<\/em>, <em>Monstruo<\/em>, <em>Cobalto<\/em>, <em>Carne de Canci\u00f3n<\/em> i, m\u00e9s recentment, <em>Maja <\/em>y <em>Bastarda<\/em>, amb les quals va obtendre premis en els cert\u00e0mens coreogr\u00e0fics de Maspalomas i Madrid, i ha participat en nombrosos festivals nacionals i internacionals.<\/p>\n\n\n\n<p style=\"font-size:17px\">Com a int\u00e8rpret, ha treballat amb artistes com Janet Novas, Xavier Le Le Roy, Jerome Bel, Lipi Hernandez o Albert Quesada. <br><br><br><br><br><\/p>\n\n\n\n<p style=\"font-size:17px\"><br><\/p>\n","protected":false},"excerpt":{"rendered":"<p>En aquest taller, Laila proposa invocar un cos que va i ve, que construeix ponts entre el gest, la dansa i la m\u00fasica. Un cos que, en el seu impuls de fugida, es det\u00e9 amb lucidesa per a triar el que pot n\u00e0ixer al marge del dogma. La proposta s&#8217;endinsa en els l\u00edmits entre tradici\u00f3 [&hellip;]<\/p>\n","protected":false},"author":2,"featured_media":15477,"comment_status":"closed","ping_status":"closed","template":"","mec_category":[794],"mec_speaker":[805],"mec_tag":[807],"class_list":["post-16124","mec-events","type-mec-events","status-publish","has-post-thumbnail","hentry","mec_category-catharsis-2025-vl","mec_tag-taller-experimental-vl"],"_links":{"self":[{"href":"https:\/\/festivalbucles.com\/vl\/wp-json\/wp\/v2\/mec-events\/16124","targetHints":{"allow":["GET"]}}],"collection":[{"href":"https:\/\/festivalbucles.com\/vl\/wp-json\/wp\/v2\/mec-events"}],"about":[{"href":"https:\/\/festivalbucles.com\/vl\/wp-json\/wp\/v2\/types\/mec-events"}],"author":[{"embeddable":true,"href":"https:\/\/festivalbucles.com\/vl\/wp-json\/wp\/v2\/users\/2"}],"replies":[{"embeddable":true,"href":"https:\/\/festivalbucles.com\/vl\/wp-json\/wp\/v2\/comments?post=16124"}],"wp:featuredmedia":[{"embeddable":true,"href":"https:\/\/festivalbucles.com\/vl\/wp-json\/wp\/v2\/media\/15477"}],"wp:attachment":[{"href":"https:\/\/festivalbucles.com\/vl\/wp-json\/wp\/v2\/media?parent=16124"}],"wp:term":[{"taxonomy":"mec_category","embeddable":true,"href":"https:\/\/festivalbucles.com\/vl\/wp-json\/wp\/v2\/mec_category?post=16124"},{"taxonomy":"mec_speaker","embeddable":true,"href":"https:\/\/festivalbucles.com\/vl\/wp-json\/wp\/v2\/mec_speaker?post=16124"},{"taxonomy":"mec_tag","embeddable":true,"href":"https:\/\/festivalbucles.com\/vl\/wp-json\/wp\/v2\/mec_tag?post=16124"}],"curies":[{"name":"wp","href":"https:\/\/api.w.org\/{rel}","templated":true}]}}

<div style="height:30px" aria-hidden="true" class="wp-block-spacer"></div>



<div class="wp-block-buttons is-content-justification-right is-layout-flex wp-container-core-buttons-is-layout-1888cafc wp-block-buttons-is-layout-flex">
<div class="wp-block-button has-custom-width wp-block-button__width-75 is-style-fill"><a class="wp-block-button__link has-white-color has-vivid-green-cyan-background-color has-text-color has-background has-link-color has-text-align-center has-custom-font-size wp-element-button" href="https://docs.google.com/forms/d/e/1FAIpQLSel2vlbbmXAhLxns_XoNagVokPMNoz1g29Ik2LBF0CMImEkSw/viewform" style="border-radius:25px;font-size:15px;font-style:normal;font-weight:700" rel="nofollow noopener" target="_blank">INSCRIPCIÓ (MÀXIM 20 PLACES)</a></div>
</div>



<div style="height:30px" aria-hidden="true" class="wp-block-spacer"></div>



<div style="height:0px" aria-hidden="true" class="wp-block-spacer"></div>



<div style="height:0px" aria-hidden="true" class="wp-block-spacer"></div>



<div class="wp-block-group alignfull is-content-justification-left is-layout-constrained wp-container-core-group-is-layout-8c890d92 wp-block-group-is-layout-constrained">
<figure class="wp-block-image alignleft size-full is-resized"><img loading="lazy" decoding="async" width="80" height="80" src="https://festivalbucles.com/wp-content/uploads/2024/08/accesible-minusvalidos.png" alt="accessible minusvàlids" class="wp-image-11394" style="width:35px"/></figure>
</div>



<div style="height:30px" aria-hidden="true" class="wp-block-spacer"></div>



<div style="height:10px" aria-hidden="true" class="wp-block-spacer"></div>



<p>En aquest taller, Laila proposa invocar un cos que va i ve, que construeix ponts entre el gest, la dansa i la música. Un cos que, en el seu impuls de fugida, es deté amb lucidesa per a triar el que pot nàixer al marge del dogma. </p>



<p>La proposta s&#8217;endinsa en els límits entre tradició i novetat per a crear balls “tramposos” on conviuen el flamenc i el contemporani. D&#8217;una banda, el folklore d&#8217;un territori concret; d&#8217;altra, el de la postmodernitat. En aquest espai compartit s&#8217;assaja la barreja de gramàtiques del moviment, d&#8217;arxius musicals i de contextos culturals, usant-los com a dramatúrgia, ritu i festa.  </p>



<p>Sorgeix així una espècie de <em>folklòrica Frankenstein</em> que viatja del &#8216;tablao&#8217; al teatre, de la cova al cabaret, del gremi a la passarel·la. Una &#8216;jondura&#8217; bastarda que es desplega com &#8216;zambra&#8217; collage i teixeix un vocabulari híbrid, nascut del contagi i la intuïció. </p>



<p>El taller es converteix en un espai de creació ple de preguntes: Què és hui un cos flamenc? Pot el flamenc ser avantguarda? On habita el mestís, l&#8217;estranger, el pop? Des del capritx i l&#8217;estudi, es construeix un arxiu de balls impurs que cusen, a retalls, una identitat en moviment.   <br><br></p>



<div style="height:30px" aria-hidden="true" class="wp-block-spacer"></div>



<hr class="wp-block-separator alignwide has-text-color has-alpha-channel-opacity has-background is-style-wide" style="background-color:#0031f5;color:#0031f5"/>



<p style="font-size:17px"></p>



<p style="font-size:17px"><strong>Laila Tafur</strong></p>



<p style="font-size:17px">Nascuda i criada a Granada, Laila es va formar en coreografia en Reykjavik, Lisboa i es va llicenciar en l&#8217;Institut del Teatre de Barcelona. En 2017-18 va cursar el Màster MPECV del Museu Reina Sofia i, entre 2020 i 2021, el Programa d&#8217;Estudis Independents (PEI) del MACBA. Actualment és docent en el Conservatori Superior de Dansa de Màlaga.  </p>



<p style="font-size:17px">Com a creadora, ha desenvolupat peces com <em>Mi arma</em>, <em>Monstruo</em>, <em>Cobalto</em>, <em>Carne de Canción</em> i, més recentment, <em>Maja </em>y <em>Bastarda</em>, amb les quals va obtendre premis en els certàmens coreogràfics de Maspalomas i Madrid, i ha participat en nombrosos festivals nacionals i internacionals.</p>



<p style="font-size:17px">Com a intèrpret, ha treballat amb artistes com Janet Novas, Xavier Le Le Roy, Jerome Bel, Lipi Hernandez o Albert Quesada. <br><br><br><br><br></p>



<p style="font-size:17px"><br></p>

<p>En aquest taller, Laila proposa invocar un cos que va i ve, que construeix ponts entre el gest, la dansa i la música. Un cos que, en el seu impuls de fugida, es deté amb lucidesa per a triar el que pot nàixer al marge del dogma. La proposta s&#8217;endinsa en els límits entre tradició [&hellip;]</p>
