{"id":16122,"date":"2025-07-07T23:18:19","date_gmt":"2025-07-07T21:18:19","guid":{"rendered":"https:\/\/festivalbucles.com\/agenda\/maja-y-bastarda\/"},"modified":"2025-10-07T11:42:40","modified_gmt":"2025-10-07T09:42:40","slug":"maja-y-bastarda","status":"publish","type":"mec-events","link":"https:\/\/festivalbucles.com\/vl\/agenda\/maja-y-bastarda\/","title":{"rendered":"Maja y bastarda"},"content":{"rendered":"\n<div style=\"height:30px\" aria-hidden=\"true\" class=\"wp-block-spacer\"><\/div>\n\n\n\n<div class=\"wp-block-buttons is-content-justification-right is-layout-flex wp-container-core-buttons-is-layout-1888cafc wp-block-buttons-is-layout-flex\">\n<div class=\"wp-block-button has-custom-width wp-block-button__width-75 is-style-fill\"><a class=\"wp-block-button__link has-white-color has-vivid-green-cyan-background-color has-text-color has-background has-link-color has-text-align-center has-custom-font-size wp-element-button\" href=\"https:\/\/www.lamutant.com\/portfolio-item\/maja-bastarda-laila-tafur-bucles\/\" style=\"border-radius:25px;font-size:15px;font-style:normal;font-weight:700\" rel=\"nofollow noopener\" target=\"_blank\">ENTRADES<\/a><\/div>\n<\/div>\n\n\n\n<div style=\"height:0px\" aria-hidden=\"true\" class=\"wp-block-spacer\"><\/div>\n\n\n\n<div style=\"height:0px\" aria-hidden=\"true\" class=\"wp-block-spacer\"><\/div>\n\n\n\n<div class=\"wp-block-group alignfull is-content-justification-left is-layout-constrained wp-container-core-group-is-layout-8c890d92 wp-block-group-is-layout-constrained\">\n<figure class=\"wp-block-image alignleft size-full is-resized\"><img loading=\"lazy\" decoding=\"async\" width=\"80\" height=\"80\" src=\"https:\/\/festivalbucles.com\/wp-content\/uploads\/2024\/08\/accesible-minusvalidos.png\" alt=\"accessible minusv\u00e0lids\" class=\"wp-image-11394\" style=\"width:35px\"\/><\/figure>\n<\/div>\n\n\n\n<div style=\"height:10px\" aria-hidden=\"true\" class=\"wp-block-spacer\"><\/div>\n\n\n\n<p><strong>Maja y Bastarda<\/strong> \u00e9s l&#8217;apropiaci\u00f3 de balls tradicionals que es converteixen en poc seriosos, poc sobris, poc purs. \u00c9s una elecci\u00f3 l\u00facida pel que pot donar-se al marge del dogma.<\/p>\n\n\n\n<p>D&#8217;aquesta manera presente en societat a la mil llets, que fent gala del seu engranatge fictici entre el tradicional i el nou, fabrica una &#8216;jonda&#8217; bastarda, una folkl\u00f2rica Frankenstein que viatja del &#8216;tablao&#8217; al teatre, de la cova al cabaret, del gremi a l&#8217;afici\u00f3, del mercat ambulant a la passarel\u00b7la. Es mou en una &#8216;zambra&#8217; collage sobre la qual teixeix un vocabulari que per contagi i familiaritat, es llan\u00e7a a inventar un fer carregat de preguntes que apel\u00b7lin al mest\u00eds, &#8216;a lo majo&#8217;, a l&#8217;estranger.<\/p>\n\n\n\n<hr class=\"wp-block-separator alignwide has-text-color has-alpha-channel-opacity has-background is-style-wide\" style=\"background-color:#0031f5;color:#0031f5\"\/>\n\n\n\n<p style=\"font-size:17px\"><strong>Direcci\u00f3 i interpretaci\u00f3: <\/strong>Laila Tafur \/ <strong>Assessoria art\u00edstica: <\/strong>Amalia Fern\u00e1ndez, Ana Buitrago \/ <strong>Assessoria musical i arxiu hist\u00f2ric flamenc:<\/strong> Charo Mart\u00edn \/ <strong>Assesoria de movimient flamenc:<\/strong> Alba Fajardo \/ <strong>Vestuari:<\/strong> Jorge Dutor, Carmen Corsano, Laila Tafur \/ <strong>Producci\u00f3 musical:<\/strong> Isabel do Diego, Laila Tafur \/ <strong>Disseny d&#8217;il\u00b7luminaci\u00f3:<\/strong> Xesca Salv\u00e1 \/ <strong>Masteritzaci\u00f3 i so:<\/strong> Enrique del Castillo \/ <strong>Producci\u00f3 executiva:<\/strong> Gallardo Producci\u00f3n \/ <strong>Col\u00b7laboracions: <\/strong>Mercat de les Flors, La Caldera, Fira Mediterr\u00e0nia de Manresa, Teatro del Soho, Casa Vella, Res.<\/p>\n","protected":false},"excerpt":{"rendered":"<p>Maja y Bastarda \u00e9s l&#8217;apropiaci\u00f3 de balls tradicionals que es converteixen en poc seriosos, poc sobris, poc purs. \u00c9s una elecci\u00f3 l\u00facida pel que pot donar-se al marge del dogma. D&#8217;aquesta manera presente en societat a la mil llets, que fent gala del seu engranatge fictici entre el tradicional i el nou, fabrica una &#8216;jonda&#8217; [&hellip;]<\/p>\n","protected":false},"author":2,"featured_media":15485,"comment_status":"closed","ping_status":"closed","template":"","mec_category":[794],"mec_speaker":[805],"mec_tag":[806],"class_list":["post-16122","mec-events","type-mec-events","status-publish","has-post-thumbnail","hentry","mec_category-catharsis-2025-vl","mec_tag-arts-vives"],"_links":{"self":[{"href":"https:\/\/festivalbucles.com\/vl\/wp-json\/wp\/v2\/mec-events\/16122","targetHints":{"allow":["GET"]}}],"collection":[{"href":"https:\/\/festivalbucles.com\/vl\/wp-json\/wp\/v2\/mec-events"}],"about":[{"href":"https:\/\/festivalbucles.com\/vl\/wp-json\/wp\/v2\/types\/mec-events"}],"author":[{"embeddable":true,"href":"https:\/\/festivalbucles.com\/vl\/wp-json\/wp\/v2\/users\/2"}],"replies":[{"embeddable":true,"href":"https:\/\/festivalbucles.com\/vl\/wp-json\/wp\/v2\/comments?post=16122"}],"wp:featuredmedia":[{"embeddable":true,"href":"https:\/\/festivalbucles.com\/vl\/wp-json\/wp\/v2\/media\/15485"}],"wp:attachment":[{"href":"https:\/\/festivalbucles.com\/vl\/wp-json\/wp\/v2\/media?parent=16122"}],"wp:term":[{"taxonomy":"mec_category","embeddable":true,"href":"https:\/\/festivalbucles.com\/vl\/wp-json\/wp\/v2\/mec_category?post=16122"},{"taxonomy":"mec_speaker","embeddable":true,"href":"https:\/\/festivalbucles.com\/vl\/wp-json\/wp\/v2\/mec_speaker?post=16122"},{"taxonomy":"mec_tag","embeddable":true,"href":"https:\/\/festivalbucles.com\/vl\/wp-json\/wp\/v2\/mec_tag?post=16122"}],"curies":[{"name":"wp","href":"https:\/\/api.w.org\/{rel}","templated":true}]}}

<div style="height:30px" aria-hidden="true" class="wp-block-spacer"></div>



<div class="wp-block-buttons is-content-justification-right is-layout-flex wp-container-core-buttons-is-layout-1888cafc wp-block-buttons-is-layout-flex">
<div class="wp-block-button has-custom-width wp-block-button__width-75 is-style-fill"><a class="wp-block-button__link has-white-color has-vivid-green-cyan-background-color has-text-color has-background has-link-color has-text-align-center has-custom-font-size wp-element-button" href="https://www.lamutant.com/portfolio-item/maja-bastarda-laila-tafur-bucles/" style="border-radius:25px;font-size:15px;font-style:normal;font-weight:700" rel="nofollow noopener" target="_blank">ENTRADES</a></div>
</div>



<div style="height:0px" aria-hidden="true" class="wp-block-spacer"></div>



<div style="height:0px" aria-hidden="true" class="wp-block-spacer"></div>



<div class="wp-block-group alignfull is-content-justification-left is-layout-constrained wp-container-core-group-is-layout-8c890d92 wp-block-group-is-layout-constrained">
<figure class="wp-block-image alignleft size-full is-resized"><img loading="lazy" decoding="async" width="80" height="80" src="https://festivalbucles.com/wp-content/uploads/2024/08/accesible-minusvalidos.png" alt="accessible minusvàlids" class="wp-image-11394" style="width:35px"/></figure>
</div>



<div style="height:10px" aria-hidden="true" class="wp-block-spacer"></div>



<p><strong>Maja y Bastarda</strong> és l&#8217;apropiació de balls tradicionals que es converteixen en poc seriosos, poc sobris, poc purs. És una elecció lúcida pel que pot donar-se al marge del dogma.</p>



<p>D&#8217;aquesta manera presente en societat a la mil llets, que fent gala del seu engranatge fictici entre el tradicional i el nou, fabrica una &#8216;jonda&#8217; bastarda, una folklòrica Frankenstein que viatja del &#8216;tablao&#8217; al teatre, de la cova al cabaret, del gremi a l&#8217;afició, del mercat ambulant a la passarel·la. Es mou en una &#8216;zambra&#8217; collage sobre la qual teixeix un vocabulari que per contagi i familiaritat, es llança a inventar un fer carregat de preguntes que apel·lin al mestís, &#8216;a lo majo&#8217;, a l&#8217;estranger.</p>



<hr class="wp-block-separator alignwide has-text-color has-alpha-channel-opacity has-background is-style-wide" style="background-color:#0031f5;color:#0031f5"/>



<p style="font-size:17px"><strong>Direcció i interpretació: </strong>Laila Tafur / <strong>Assessoria artística: </strong>Amalia Fernández, Ana Buitrago / <strong>Assessoria musical i arxiu històric flamenc:</strong> Charo Martín / <strong>Assesoria de movimient flamenc:</strong> Alba Fajardo / <strong>Vestuari:</strong> Jorge Dutor, Carmen Corsano, Laila Tafur / <strong>Producció musical:</strong> Isabel do Diego, Laila Tafur / <strong>Disseny d&#8217;il·luminació:</strong> Xesca Salvá / <strong>Masterització i so:</strong> Enrique del Castillo / <strong>Producció executiva:</strong> Gallardo Producción / <strong>Col·laboracions: </strong>Mercat de les Flors, La Caldera, Fira Mediterrània de Manresa, Teatro del Soho, Casa Vella, Res.</p>

<p>Maja y Bastarda és l&#8217;apropiació de balls tradicionals que es converteixen en poc seriosos, poc sobris, poc purs. És una elecció lúcida pel que pot donar-se al marge del dogma. D&#8217;aquesta manera presente en societat a la mil llets, que fent gala del seu engranatge fictici entre el tradicional i el nou, fabrica una &#8216;jonda&#8217; [&hellip;]</p>
