{"id":12399,"date":"2024-08-02T08:05:07","date_gmt":"2024-08-02T06:05:07","guid":{"rendered":"https:\/\/festivalbucles.com\/agenda\/break-a-leg\/"},"modified":"2025-08-18T16:24:55","modified_gmt":"2025-08-18T14:24:55","slug":"break-a-leg","status":"publish","type":"mec-events","link":"https:\/\/festivalbucles.com\/vl\/agenda\/break-a-leg\/","title":{"rendered":"Break a leg"},"content":{"rendered":"\n<div class=\"wp-block-buttons alignwide is-content-justification-space-between is-layout-flex wp-container-core-buttons-is-layout-3d213aab wp-block-buttons-is-layout-flex\">\n<div class=\"wp-block-button has-custom-width wp-block-button__width-100 is-style-fill\"><a class=\"wp-block-button__link has-background has-text-align-center has-custom-font-size wp-element-button\" style=\"border-radius:0px;background-color:#2247fe;font-size:16px;font-style:normal;font-weight:700\">Entrada lliure<\/a><\/div>\n<\/div>\n\n<div class=\"wp-block-group is-layout-constrained wp-block-group-is-layout-constrained\">\n<figure class=\"wp-block-image alignleft size-full is-resized\"><img loading=\"lazy\" decoding=\"async\" width=\"80\" height=\"80\" src=\"https:\/\/festivalbucles.com\/wp-content\/uploads\/2024\/08\/accesible-minusvalidos.png\" alt=\"accessible minusv&#xE0;lids\" class=\"wp-image-11394\" style=\"width:35px\"\/><\/figure>\n\n\n\n<figure class=\"wp-block-image alignleft size-full is-resized\"><img loading=\"lazy\" decoding=\"async\" width=\"80\" height=\"80\" src=\"https:\/\/festivalbucles.com\/wp-content\/uploads\/2024\/08\/lenguaje-de-signos.png\" alt=\"llenguatge de signes\" class=\"wp-image-11392\" style=\"width:35px\"\/><\/figure>\n<\/div>\n\n<div style=\"height:0px\" aria-hidden=\"true\" class=\"wp-block-spacer\"><\/div>\n\n<p>Es tracta d&#8217;un work in progress que es mostrar\u00e0 per primera vegada a Val\u00e8ncia abans de la seua estrena i estar\u00e0 acompanyat per un col\u00b7loqui amb el p\u00fablic.<\/p>\n\n<p>Una ballarina alta amb una cama i una ballarina amb dues cames creen una composici\u00f3 per a un nou cos. Els cossos i les pr\u00f2tesis generen una modularitat de desmuntatge i remuntatge de les parts del cos, desdibuixant la identitat del cos original. Vull aprofundir cada cop m\u00e9s en la mat\u00e8ria primera creada al mar de possibilitats infinites que m&#8217;ofereix aquest nou cos.<\/p>\n\n<p>La creaci\u00f3 es va realitzar com a part del projecte \u00abGofani\u00bb per a ballarins amb diverses capacitats f\u00edsiques, sota la direcci\u00f3 art\u00edstica de Tamar Mayzlish.<\/p>\n\n<hr class=\"wp-block-separator alignwide has-text-color has-alpha-channel-opacity has-background is-style-wide\" style=\"background-color:#0031f5;color:#0031f5\"\/>\n\n<p><strong>Coreografia:<\/strong> Sharon Fridman \/ <strong>Ballarins:<\/strong> Dikla Razevski, Itamar Shnap \/ <strong>M\u00fasica:<\/strong> Noam Helfer, Idan Shimoni \/ <strong>Gesti\u00f3 i Producci\u00f3: <\/strong> Lola Ortiz de Lanzagorta i Tamar Mayzlish<\/p>\n","protected":false},"excerpt":{"rendered":"<p>Es tracta d&#8217;un work in progress que es mostrar\u00e0 per primera vegada a Val\u00e8ncia abans de la seua estrena i estar\u00e0 acompanyat per un col\u00b7loqui amb el p\u00fablic. Una ballarina alta amb una cama i una ballarina amb dues cames creen una composici\u00f3 per a un nou cos. Els cossos i les pr\u00f2tesis generen una [&hellip;]<\/p>\n","protected":false},"author":2,"featured_media":10820,"comment_status":"closed","ping_status":"closed","template":"","mec_category":[369],"mec_speaker":[521],"mec_tag":[519],"class_list":["post-12399","mec-events","type-mec-events","status-publish","has-post-thumbnail","hentry","mec_category-emergencies-2024","mec_tag-espectacle"],"_links":{"self":[{"href":"https:\/\/festivalbucles.com\/vl\/wp-json\/wp\/v2\/mec-events\/12399","targetHints":{"allow":["GET"]}}],"collection":[{"href":"https:\/\/festivalbucles.com\/vl\/wp-json\/wp\/v2\/mec-events"}],"about":[{"href":"https:\/\/festivalbucles.com\/vl\/wp-json\/wp\/v2\/types\/mec-events"}],"author":[{"embeddable":true,"href":"https:\/\/festivalbucles.com\/vl\/wp-json\/wp\/v2\/users\/2"}],"replies":[{"embeddable":true,"href":"https:\/\/festivalbucles.com\/vl\/wp-json\/wp\/v2\/comments?post=12399"}],"wp:featuredmedia":[{"embeddable":true,"href":"https:\/\/festivalbucles.com\/vl\/wp-json\/wp\/v2\/media\/10820"}],"wp:attachment":[{"href":"https:\/\/festivalbucles.com\/vl\/wp-json\/wp\/v2\/media?parent=12399"}],"wp:term":[{"taxonomy":"mec_category","embeddable":true,"href":"https:\/\/festivalbucles.com\/vl\/wp-json\/wp\/v2\/mec_category?post=12399"},{"taxonomy":"mec_speaker","embeddable":true,"href":"https:\/\/festivalbucles.com\/vl\/wp-json\/wp\/v2\/mec_speaker?post=12399"},{"taxonomy":"mec_tag","embeddable":true,"href":"https:\/\/festivalbucles.com\/vl\/wp-json\/wp\/v2\/mec_tag?post=12399"}],"curies":[{"name":"wp","href":"https:\/\/api.w.org\/{rel}","templated":true}]}}

<div class="wp-block-buttons alignwide is-content-justification-space-between is-layout-flex wp-container-core-buttons-is-layout-3d213aab wp-block-buttons-is-layout-flex">
<div class="wp-block-button has-custom-width wp-block-button__width-100 is-style-fill"><a class="wp-block-button__link has-background has-text-align-center has-custom-font-size wp-element-button" style="border-radius:0px;background-color:#2247fe;font-size:16px;font-style:normal;font-weight:700">Entrada lliure</a></div>
</div>

<div class="wp-block-group is-layout-constrained wp-block-group-is-layout-constrained">
<figure class="wp-block-image alignleft size-full is-resized"><img loading="lazy" decoding="async" width="80" height="80" src="https://festivalbucles.com/wp-content/uploads/2024/08/accesible-minusvalidos.png" alt="accessible minusv&#xE0;lids" class="wp-image-11394" style="width:35px"/></figure>



<figure class="wp-block-image alignleft size-full is-resized"><img loading="lazy" decoding="async" width="80" height="80" src="https://festivalbucles.com/wp-content/uploads/2024/08/lenguaje-de-signos.png" alt="llenguatge de signes" class="wp-image-11392" style="width:35px"/></figure>
</div>

<div style="height:0px" aria-hidden="true" class="wp-block-spacer"></div>

<p>Es tracta d&#8217;un work in progress que es mostrarà per primera vegada a València abans de la seua estrena i estarà acompanyat per un col·loqui amb el públic.</p>

<p>Una ballarina alta amb una cama i una ballarina amb dues cames creen una composició per a un nou cos. Els cossos i les pròtesis generen una modularitat de desmuntatge i remuntatge de les parts del cos, desdibuixant la identitat del cos original. Vull aprofundir cada cop més en la matèria primera creada al mar de possibilitats infinites que m&#8217;ofereix aquest nou cos.</p>

<p>La creació es va realitzar com a part del projecte «Gofani» per a ballarins amb diverses capacitats físiques, sota la direcció artística de Tamar Mayzlish.</p>

<hr class="wp-block-separator alignwide has-text-color has-alpha-channel-opacity has-background is-style-wide" style="background-color:#0031f5;color:#0031f5"/>

<p><strong>Coreografia:</strong> Sharon Fridman / <strong>Ballarins:</strong> Dikla Razevski, Itamar Shnap / <strong>Música:</strong> Noam Helfer, Idan Shimoni / <strong>Gestió i Producció: </strong> Lola Ortiz de Lanzagorta i Tamar Mayzlish</p>

<p>Es tracta d&#8217;un work in progress que es mostrarà per primera vegada a València abans de la seua estrena i estarà acompanyat per un col·loqui amb el públic. Una ballarina alta amb una cama i una ballarina amb dues cames creen una composició per a un nou cos. Els cossos i les pròtesis generen una [&hellip;]</p>
